. Suppose -2*u - 1 + 16 = v, 0 = l*v + u - 33. Let c = 108 - 59. Calculate the remainder when c is divided by v.
15
Let j = -9 - -14. Let q = 5 - j. Suppose q + 5 = i. What is the remainder when i is divided by 3?
2
Let h(f) = f**2 - 2*f - 3. What is the remainder when 19 is divided by h(-2)?
4
Let g be (-4)/(-2 - -4) + -62. Let m = -27 - g. Suppose 38 = 2*f + 12. Calculate the remainder when m is divided by f.
11
Let f = 99 + -40. Suppose -4*v + f = -3*v. Let h = -34 + v. What is the remainder when h is divided by 13?
12
Suppose -3*g = -5*s - 17, -5*g + 2*s - 6*s + 90 = 0. Calculate the remainder when 25 is divided by g.
11
Let n(k) = k - k**3 + 13 + k**2 + 2*k**3 - 1. Let i = 37 + -2. What is the remainder when i is divided by n(0)?
11
Let y be (-2)/7 + (-99)/(-77). Calculate the remainder when 47 + 11 - (y + 0) is divided by 15.
12
Let j(i) = i + 4. Let u = -4 + 9. Let q be j(u). Suppose -4*g - 265 = -q*g. Calculate the remainder when g is divided by 18.
17
Let g(m) = m - 3. Suppose 4*z = 2*z + 6. Let q be g(z). What is the remainder when 17 is divided by 1 + 1*(q + 5)?
5
Suppose 3*b = -0*b + 6. Suppose 3*j = u + 14, j = -4*u - 5 - 12. Let r = 6 - j. What is the remainder when r is divided by b?
1
Let f = -63 + 118. What is the remainder when f is divided by 19?
17
Suppose 7 = -9*i + 97. What is the remainder when 39 is divided by i?
9
Suppose 23 - 5 = v. Suppose 0 = -3*h + 3*l - 87, 2*h + h + 80 = -4*l. Let p = h - -62. Calculate the remainder when p is divided by v.
16
Let k be 2/(-6) - 110/(-6). Let n be (-4)/10 - k/5. Calculate the remainder when 28 is divided by (n/(-3))/(4/30).
8
Suppose 11*z - 131 = 9*z - y, -3*z + y + 184 = 0. Calculate the remainder when z is divided by 11.
8
Suppose -2*m - 2*u - 11 = -75, 3*u - 3 = 0. What is the remainder when m is divided by 8?
7
Suppose -3*b = -4*d + 2*b - 24, -5*d - 5*b + 15 = 0. Let j = 0 - d. Calculate the remainder when 1 is divided by j.
0
Let l(o) = 15*o**3 + 2*o**2 - o. Let v = 7 + -11. Let r be v/((-2)/2) - 3. What is the remainder when 46 is divided by l(r)?
14
What is the remainder when 145 is divided by (-780)/(-21) + (-1)/7?
34
Suppose 7*z - 136 = -z. Suppose -4*v + 87 = -113. What is the remainder when v is divided by z?
16
Let i(z) be the first derivative of z**4/4 - z**2/2 + 12*z + 3. Let n be i(0). What is the remainder when n - (-3 - -5)*1 is divided by 4?
2
Suppose -10 = -7*d + 6*d. What is the remainder when (-1)/3*(-150 + 3) is divided by d?
9
Suppose -7*x + 20 = -2*x. What is the remainder when 25 is divided by x?
1
Let w be (-1 + 9)*(-3)/(-6). Suppose 0*r - s = r - 9, 0 = w*r - s - 41. What is the remainder when 48 is divided by r?
8
Let r(z) = z**2 + 3*z - 3. Let t(k) = k + 2. Let x be t(0). Let n be ((-7)/(-2))/((-1)/x). Calculate the remainder when r(n) is divided by 13.
12
Let p(l) = -l**3 + 10*l**2 - 9*l. What is the remainder when p(7) is divided by 29?
26
Let i = 27 + -19. Suppose -2*p + 130 = 4*f, 45 = 4*f - 2*p - 65. What is the remainder when f is divided by i?
6
Let n(y) be the second derivative of 23*y**4/4 - y**3/3 + y**2/2 - 5*y. What is the remainder when n(1) is divided by 14?
12
Let d(q) = -21*q**3 - 2*q**2 + 1. Calculate the remainder when 79 is divided by d(-1).
19
Let f(o) = o + 10 + 8 - 8 + 3. Calculate the remainder when (0 - 1) + (-76)/(-2) is divided by f(0).
11
Let p(t) = t**3 + 8*t**2 + 2*t - 9. What is the remainder when p(-6) is divided by 19?
13
Let j(f) = -10*f - 2. What is the remainder when 12/42 + (-682)/(-14) is divided by j(-2)?
13
Let a = 28 - -29. What is the remainder when 112 is divided by a?
55
Suppose u + 3*c = -2*u + 9, -4*u - 2*c = -10. Calculate the remainder when 41 is divided by (24/(-3))/u - -18.
13
Let u(h) = 9 + 0 - 3*h + 4*h. Let n be u(-9). Suppose -j + c + 3 = n, -c + 5 = 3*j + 4. What is the remainder when 1 is divided by j?
0
Let o(r) = r**2 - 2*r - 6. Let n be 2/(-4) - (-44)/8. What is the remainder when o(n) is divided by 5?
4
Let c(f) be the third derivative of 0*f - 1/24*f**4 + f**2 + 0*f**3 + 1/4*f**5 + 0. Calculate the remainder when 46 is divided by c(-1).
14
Suppose z - 35 = 3*h, 4*z - 21 - 68 = -5*h. Let a = z - 7. Calculate the remainder when 37 is divided by a.
18
Suppose 4 + 2 = 5*k + x, 5*k - 5*x - 30 = 0. Suppose 3*s - p - 79 = -0*s, k*s - 46 = 2*p. What is the remainder when s is divided by 15?
13
Suppose 19 + 29 = 6*g. What is the remainder when 31 is divided by g?
7
Let u be -37 - (-3 - 6/(-3)). Let k = -24 - u. What is the remainder when k is divided by 3?
0
Suppose 3*t + 2*p + 117 = 0, -4*p - 23 = -4*t - 159. Let x = t - -88. Calculate the remainder when x is divided by 18.
15
Suppose 3*m = -r + 104, -174 + 35 = -4*m - r. Let v(q) = 3*q**3 - 4*q**2 + 3*q - 2. What is the remainder when m is divided by v(2)?
11
Suppose -13*j = -16*j + 45. What is the remainder when 27 is divided by j?
12
Let r = 96 - 85. What is the remainder when 51 is divided by r?
7
Suppose 7 = 2*w - 3. Calculate the remainder when 17 is divided by w.
2
Suppose 0*h + 17 = h + q, -58 = -4*h - 2*q. Let z = -77 - -111. What is the remainder when z is divided by h?
10
Let l(r) = -r**2 + 11*r + 4. Let g(w) = w + 1. Let y be g(0). Calculate the remainder when l(10) is divided by y*(-2 + 1)*-5.
4
Suppose -t = -6*t + 15. What is the remainder when t is divided by (26/(-91))/(1/(-7))?
1
Suppose 4 = 2*q - 4*p, -55 = -5*q - 4*p + 25. Calculate the remainder when 21 is divided by q.
9
Suppose 4*o - 265 = -3*x, -4*o + 2*x + 270 = -0*x. Let w = -8 + o. What is the remainder when w is divided by 15?
14
Let b(y) = y**2 + 17*y - 15. Let d be b(-18). Suppose -a + 7 = 3. Suppose d*l = -3*p, 2*p - 3*p = -a*l + 20. Calculate the remainder when 10 is divided by l.
2
Suppose d - 17 = 5*b, 2*d - 5*b = 28 + 11. Calculate the remainder when 41 is divided by d.
19
Suppose 3*m + 2*m = 150. Calculate the remainder when 118 is divided by m.
28
Suppose -7*z + 44 = -3*z. Calculate the remainder when z is divided by 4.
3
Suppose -41 = 4*a - r - 417, -r + 368 = 4*a. Calculate the remainder when a is divided by 19.
17
Let a be (-52)/(-9) + 4/18. Suppose 3*t = -u + a, -5*u + 27 = -4*t - 41. What is the remainder when 21 is divided by u?
9
Let n(h) = h**3 - 7*h**2 - 7*h - 2. Let m be n(8). Suppose 5*q - m = 14. What is the remainder when q is divided by 2?
0
Let x(f) = -f**3 - 16*f**2 - 5*f - 5. What is the remainder when x(-16) is divided by 19?
18
Suppose -1 = 4*c + 5*v + 7, -5*v = 20. Let p = 16 + -10. Calculate the remainder when p is divided by c.
0
Suppose -2*y + 0*y = 4*w - 226, 0 = -3*y - 3*w + 348. Calculate the remainder when y is divided by 15.
14
Let w be (5 + -2 - 2)*-10. Let q = w + 16. What is the remainder when 410/18 + (-6)/(-27) is divided by q?
5
Suppose -5*u + u = -64. Let x = 262 + -53. Suppose -x = -5*z + 96. Calculate the remainder when z is divided by u.
13
Let i = 33 + 7. Let k(o) = o**2 - 3*o - 5. Let r be k(5). Suppose 5*q = -p + 24, 0*q - 76 = -r*p - 3*q. What is the remainder when i is divided by p?
12
Let z(u) = u**3 + 10*u**2 + 7*u - 8. What is the remainder when 16 is divided by z(-9)?
6
Let v = -1 - 1. Let m be v - -3 - 0/(-2). Suppose 0 = -4*b - 3*p + 16, 0 = 4*b - 4*p - 17 + m. What is the remainder when 7 is divided by b?
3
Let b be 2/5 + 2/(-5). Suppose -5*o + 45 = 5*i, b = -2*o + o - 2. What is the remainder when 19 is divided by i?
8
Let y = -23 + 32. Calculate the remainder when y is divided by 4.
1
Let x be (-1 - -5) + 31 + -17. What is the remainder when 40/(-6)*x/(-4) is divided by 11?
8
Suppose -4 = g - 2*g + 5*k, 3*g + k = 28. Calculate the remainder when g is divided by 7.
2
Let d(y) = -19*y + 1. Let l be (2/(-8))/((-2)/8). Let z be d(l). Let f = 40 + z. What is the remainder when f is divided by 8?
6
Let l = -107 - -121. What is the remainder when 23 is divided by l?
9
Suppose 25 = 2*z + 5*b, 4*z - 3 - 40 = -3*b. Calculate the remainder when z is divided by (-16)/(-28) + (-6)/(-63)*36.
2
Let p = -16 + 41. Calculate the remainder when p is divided by 14.
11
Let k(l) = -l**3 + 4*l**2 + l + 6. Suppose i + 0*i + r = 3, 0 = -i - 2*r + 1. Let v be k(i). Let h = 18 - v. What is the remainder when h is divided by 17?
15
Suppose 4*z - z = 60. What is the remainder when 38 is divided by z?
18
Suppose -3*o = -2*o - 5. Suppose -o